 d(-22).
63
Let w = 11 + -12. Suppose 3*o = -0*c + 3*c + 15, 3*c - 5 = -2*o. Calculate the remainder when 68 is divided by (c - w) + (0 - -23).
22
Let y be (-5)/10 - 55/(-2). Let f be (-4)/(-18) - 6/y. Suppose 4*s + f*s - 56 = 0. What is the remainder when s is divided by 5?
4
Let y be (-2 - -41) + 3 + 2. Suppose -u - u - 3*l + y = 0, 0 = 4*u - l - 60. Suppose 21 = p - u. What is the remainder when p is divided by 14?
9
Suppose 650 + 484 = 21*a. Suppose -3*k + 16 = 2*c - 5*k, 3*c + 11 = -4*k. Calculate the remainder when a is divided by -1*c*(-28)/3.
26
Suppose 5 = 5*i - 4*i. Suppose i*s = -4*x + 379, -3*s + 288 = 4*x - x. What is the remainder when x is divided by 26?
23
Suppose -t + 2 = m + m, -4*t - m = 13. Let u(h) = -3*h**2 - 6*h. Let x be u(t). What is the remainder when 22 is divided by (x/30)/((-2)/15)?
4
Let p(v) = 56*v + 1608. What is the remainder when p(-27) is divided by ((-40)/6)/(2/(-15))?
46
Suppose 0 = 3065*t - 3067*t + 238. Let d = 54 - 30. Calculate the remainder when t is divided by d.
23
Let k(m) = -m**3 + 17*m**2 - 14*m + 52. Calculate the remainder when 419 is divided by k(16).
83
Suppose -j - 5*n = 2*j + 1, -n = 2. Calculate the remainder when 610/40*(j - -1) is divided by 16.
13
Let b be 3/1 - (14 + -9). What is the remainder when 83 is divided by 1770/66 - b - 4/(-22)?
25
Suppose -471*b = -465*b - 186. Calculate the remainder when b is divided by ((-40)/(-15))/((-2)/(-9)).
7
Let d = 864 - 837. What is the remainder when 116 is divided by d?
8
Let s = 52 - 35. Let w(n) = 2*n**2 + 12*n - 27. Calculate the remainder when w(6) is divided by s.
15
Suppose -2*h - x - 6 = 0, 0 = -h + x + 2*x - 3. Let l be (-3)/9 + (-7)/h. Calculate the remainder when 7 is divided by 2/(-3*l/(-12)).
3
Let q(h) = -29*h + 1. Let r be q(-1). Let c be 0/(-82)*(1 + (-1)/2). Suppose -3*p + r - 6 = c. Calculate the remainder when 20 is divided by p.
4
Suppose 3*l = 14 - 2. Suppose l = -k + 9. Suppose 2*p = 50 - 16. Calculate the remainder when p is divided by k.
2
Suppose -10 = -4*k - k. Suppose 13 + 0 = k*o + 3*d, -2*o + 4*d = 8. Suppose -o*z + 21 = -1. Calculate the remainder when 19 is divided by z.
8
Suppose 10*q - 200 = -30. What is the remainder when q is divided by 9?
8
Let c(r) = 8*r - 4. Let u be c(3). Suppose -336 = 16*n - u*n. What is the remainder when n is divided by 17?
16
Suppose 0 = 3*t - 5*p - 74, 4*p + 4 = -t + 6. What is the remainder when 49 is divided by -1*2*1*(-153)/t?
15
Suppose 5*o + 66 = d - 287, 3*d - 136 = 2*o. Let v = o - -95. Calculate the remainder when 95 is divided by v.
23
Calculate the remainder when (-4)/6*7515/(-30) is divided by 9.
5
Suppose 2*i = v + 4, 4 + 2 = 4*i - 3*v. Suppose -a + 55 = 49. Suppose a = -3*d - i, 5*d = 3*f - 18. Calculate the remainder when 3 is divided by f.
0
Suppose 4*u = 137 + 75. Calculate the remainder when u is divided by (3/(-2))/(6/(-56)).
11
Suppose 3*u + 88 = 100. Suppose 0 = -u*m + 69 + 143. What is the remainder when m is divided by 14?
11
Let n(h) = 4*h - 1. Let p be (0 + 1)*(-4 + 4). Let g = 3 - p. What is the remainder when n(g) is divided by 4?
3
Suppose 0 = -2*v - 7*v + 1170. What is the remainder when v is divided by 48?
34
Let u(k) = 17*k + 2. What is the remainder when u(3) is divided by 19?
15
Suppose -u = 4*u - 25. Suppose 4*q + 95 = -u. Calculate the remainder when (q/10)/((-2)/44) is divided by 14.
13
Calculate the remainder when (3 - 20/4)*539/(-14) is divided by 41.
36
Suppose 18*w + 25 = 23*w. Suppose 21 = -w*u + 76. What is the remainder when 20 is divided by u?
9
Calculate the remainder when 418 is divided by (13*(-10)/(-195))/(4/282).
42
Let f be 17/7 + (-6)/14. Suppose 0 = -f*a - 5*g - 37, a - g + 1 = -0*g. Calculate the remainder when (-4)/(-6) - 164/a is divided by 15.
13
Let f(i) = 2*i**2 + 2*i - 26. What is the remainder when 165 is divided by f(-5)?
11
Let w = -9 - -22. Let x = w + 9. Calculate the remainder when 108 is divided by x.
20
What is the remainder when 152 is divided by 3/(-18) - ((-1770)/36 - 3)?
48
Suppose -2*w + 39 = -5*n, -4*w + n - 2*n = -45. What is the remainder when 0 + 37 + (-1 - 1) is divided by w?
11
Let c be -1 - (-2 + 0 + (-10)/2). Let a(g) = g**2 + 5*g - 15. What is the remainder when a(c) is divided by 21?
9
Let w(t) = 61*t**2 - 8*t + 32. Calculate the remainder when w(-5) is divided by 25.
22
Suppose -2*a = -5*o - 99, 6*a + o = a + 315. Suppose 3*d - 179 = -2*g, -3*g + a = d - 0*d. Calculate the remainder when d is divided by 20.
19
Let n(g) = 3*g + 121. What is the remainder when 203 is divided by n(-29)?
33
Suppose -2 + 0 = 2*i. Let x = i - -3. What is the remainder when 2/(-12) + (-744)/(-144) is divided by x?
1
Suppose -51 = 4*c + l + 9, 0 = -4*c + l - 60. Suppose 0 = 3*k + 2*k + 30. What is the remainder when 12 is divided by k/c + (-69)/(-15)?
2
Let k(h) = 10 - 5*h + h**2 - 6*h + 5 + 3*h. Let w be k(6). Suppose n + 58 = w*a, -a + 3*n = -5*a + 60. Calculate the remainder when 35 is divided by a.
17
Calculate the remainder when 13/(-1 - 184/(-176)) is divided by 72.
70
Let v(p) be the third derivative of p**5/60 - 11*p**4/24 - p**3/2 - 5*p**2. What is the remainder when v(13) is divided by 6?
5
Suppose 377 = 4*w + 3*d, 193 - 577 = -4*w + 4*d. Let t = 483 - 347. Let b = t - w. What is the remainder when b is divided by 11?
8
Suppose -7*x - 35 = -14. What is the remainder when 1/((-5)/(-120)) - x is divided by 10?
7
Suppose -16*p = 5*z - 13*p - 145, -3*z + 87 = p. What is the remainder when 810 is divided by z?
27
Suppose -10 = -10*p + 40. Calculate the remainder when 71 is divided by p.
1
Suppose 2*c - 3*l + 37 = -7, -3*c - 66 = 3*l. Let o = c - -26. Let u = 24 - 12. Calculate the remainder when u is divided by o.
0
Let x = -19 - -23. Suppose 0 = x*v + 3*v - 119. Calculate the remainder when 99 is divided by v.
14
Let p(j) = -j**3 - 10*j**2 - 8*j + 21. Let i be p(-6). Let w = i + 116. Calculate the remainder when w is divided by 27.
14
Suppose -3*i + 5*w + 35 = 0, i = 2*w - 0*w + 11. Let t = 26 - i. Let k = 34 - 15. Calculate the remainder when k is divided by t.
8
Let s be (3 + 125/5)*1. Suppose -2*b - 4*y = -y - s, 2*y + 4 = 0. Calculate the remainder when b is divided by 10.
7
Let s = 648 + 288. Let t = 141 - 135. Calculate the remainder when 28/t*s/91 is divided by 17.
14
Let j(k) = -k**3 - 13*k**2 + 11*k - 26. Let b be j(-14). Suppose r - b - 31 = 0. What is the remainder when r is divided by 10?
7
Suppose 3*w = -4*x - 52, -5*w - 2*x - 76 = -w. Let g be ((-14)/4)/(1/2). Let z = g - w. What is the remainder when 50 is divided by z?
11
Let f = 1 + -8. Let v(u) = -4*u + 28. Let b be v(-10). Let n = f + b. What is the remainder when n is divided by 16?
13
Let h(y) = 3*y. Let v be h(1). Calculate the remainder when -1*v*(-140)/15 is divided by 15.
13
What is the remainder when 119 is divided by -1*(-3 + (4 - 0))*-25?
19
Suppose -162*q = -32*q - 3510. Calculate the remainder when 1077 is divided by q.
24
What is the remainder when (-1*1)/((-24)/984) + -4 is divided by 3?
1
Let k(z) = 2*z**2 + 42. Let r be k(0). Suppose b + 10 = f, -r = 2*b + b + f. Let n(h) = -6*h. Calculate the remainder when n(b) is divided by 20.
18
Suppose 5*u + 4*n = -6, -n + 2 = -2*u + 5*u. Suppose 34 = -u*v + 4*v. Calculate the remainder when v is divided by 6.
5
Suppose 2*f = -4*q - 8 + 144, 0 = -2*f - 2*q + 140. Calculate the remainder when f is divided by 45.
27
Suppose -2 - 8 = -2*h. Suppose -2*j + 4 = 0, 4*k - 3*j - 272 = -h*j. Calculate the remainder when k is divided by 18.
13
Suppose j = 5*b + 5*j - 279, -4*j - 311 = -5*b. What is the remainder when b is divided by 42?
17
Let m(s) = 4*s - 13. Let l be m(8). Suppose l*x - 16*x = 51. Let f(u) = u**3 + 7*u**2 - 2*u + 5. Calculate the remainder when f(-5) is divided by x.
14
What is the remainder when 80 is divided by (-5)/(-15)*(80 - -4) - 0?
24
Suppose 4*c + 7 - 47 = -3*n, 3*c = 3*n - 75. Suppose -2*v = -5*v + 237. Calculate the remainder when v is divided by n.
19
Suppose 4*y - 3*j - 467 = 0, -3*y + j = -0*y - 354. Let i = y + -97. Calculate the remainder when i is divided by 12.
10
What is the remainder when 219 is divided by 440/12*6*(-4)/(-20)?
43
Suppose -7*g + 2*g + 996 = 3*l, 3*g = 2*l + 590. What is the remainder when g is divided by 32?
6
What is the remainder when ((-92)/5)/(1 - 21/1